28445 a prime number?
False
Is 2333 a composite number?
False
Is 44101 a prime number?
True
Is 47567 prime?
False
Is 18119 a composite number?
False
Is 209 a prime number?
False
Is 16078 a composite number?
True
Is 7481 a prime number?
True
Is 563361 a prime number?
False
Is 4769 a composite number?
True
Is 164221 a prime number?
False
Is 91681 a prime number?
False
Is 69883 composite?
True
Is 68587 prime?
False
Is 5789 composite?
True
Is 2599 a prime number?
False
Is 545317 a composite number?
True
Is 173027 composite?
True
Is 26359 prime?
False
Is 154099 composite?
True
Is 66959 prime?
True
Is 2787 prime?
False
Is 556505 a composite number?
True
Is 19042 prime?
False
Is 2819 a composite number?
False
Is 8887 a composite number?
False
Is 45317 composite?
False
Is 46369 composite?
True
Is 14494 composite?
True
Is 8497 composite?
True
Is 270899 a prime number?
True
Is 353069 composite?
False
Is 19535 a prime number?
False
Is 5297 prime?
True
Is 176627 composite?
True
Is 149 a prime number?
True
Is 561557 a prime number?
False
Is 4661 a prime number?
False
Is 623417 a prime number?
True
Is 18449 a prime number?
False
Is 8187 a prime number?
False
Is 50497 a composite number?
False
Is 9533 prime?
True
Is 207113 a composite number?
False
Is 8329 a composite number?
False
Is 7563 prime?
False
Is 32321 a composite number?
False
Is 30743 prime?
False
Is 59539 composite?
False
Is 245251 a composite number?
False
Is 892751 prime?
False
Is 535 composite?
True
Is 4757 prime?
False
Is 40693 a composite number?
False
Is 1399 a composite number?
False
Is 126967 prime?
True
Is 21691 a composite number?
True
Is 14437 a prime number?
True
Is 15685 a prime number?
False
Is 48289 composite?
True
Is 676373 a composite number?
False
Is 81797 a prime number?
False
Is 11723 composite?
True
Is 40043 a prime number?
False
Is 17553 composite?
True
Is 1537 prime?
False
Is 117751 prime?
True
Is 1214333 a prime number?
True
Is 1185323 prime?
False
Is 445271 a prime number?
True
Is 191 composite?
False
Is 1985 a composite number?
True
Is 1471 prime?
True
Is 13963 prime?
True
Is 16561 a prime number?
True
Is 334181 composite?
True
Is 732313 a composite number?
True
Is 14821 composite?
False
Is 31679 prime?
False
Is 2323 a composite number?
True
Is 139577 composite?
True
Is 409 a prime number?
True
Is 253 a composite number?
True
Is 71731 a prime number?
False
Is 2031 composite?
True
Is 26219 prime?
False
Is 329711 a prime number?
True
Is 28599 prime?
False
Is 23417 prime?
True
Is 141023 composite?
False
Is 286453 a prime number?
True
Is 3989 composite?
False
Is 1310441 a prime number?
False
Is 500141 prime?
False
Is 11281 prime?
False
Is 48731 composite?
False
Is 880111 composite?
True
Is 57215 a composite number?
True
Is 24281 a composite number?
False
Is 53513 prime?
False
Is 5147 a composite number?
False
Is 39413 composite?
True
Is 73181 composite?
False
Is 1630501 a composite number?
False
Is 30157 a composite number?
True
Is 450493 a prime number?
True
Is 36433 composite?
False
Is 1258871 prime?
True
Is 14923 a composite number?
False
Is 502883 prime?
True
Is 44071 composite?
False
Is 105199 a prime number?
True
Is 7985 a composite number?
True
Is 3331279 a prime number?
False
Is 31949 a composite number?
True
Is 1981 a prime number?
False
Is 135257 a composite number?
False
Is 622547 composite?
False
Is 57119 a prime number?
True
Is 8251 a composite number?
True
Is 159295 a composite number?
True
Is 2459 prime?
True
Is 107479 a prime number?
False
Is 148634 a prime number?
False
Is 7639 composite?
False
Is 69529 a composite number?
True
Is 4163 a composite number?
True
Is 23847 composite?
True
Is 2327 composite?
True
Is 46693 composite?
True
Is 24029 a prime number?
True
Is 16501 prime?
False
Is 4121081 prime?
False
Is 34051 a prime number?
False
Is 7195 composite?
True
Is 660659 a composite number?
False
Is 1497757 a composite number?
False
Is 2894 composite?
True
Is 245605 a prime number?
False
Is 551557 a composite number?
False
Is 50417 composite?
False
Is 33233 a composite number?
True
Is 529471 prime?
True
Is 16673 a prime number?
True
Is 1194415 a composite number?
True
Is 946087 prime?
False
Is 538283 a prime number?
True
Is 7855 prime?
False
Is 185 composite?
True
Is 895127 a composite number?
False
Is 40873 a composite number?
True
Is 5603 composite?
True
Is 4327 a composite number?
False
Is 28639 composite?
True
Is 130957 composite?
False
Is 183583 composite?
True
Is 1943 a composite number?
True
Is 22751 composite?
False
Is 158239 a composite number?
True
Is 1250737 prime?
True
Is 1209157 composite?
True
Is 16727 a prime number?
False
Is 141041 a prime number?
True
Is 1117 prime?
True
Is 17471 a prime number?
True
Is 18947 a composite number?
False
Is 1949 prime?
True
Is 295219 prime?
True
Is 39781 a prime number?
False
Is 40787 a prime number?
True
Is 222707 composite?
False
Is 272737 a composite number?
False
Is 153921 a composite number?
True
Is 957083 a composite number?
True
Is 1492063 a prime number?
True
Is 163441 prime?
False
Is 603947 a composite number?
False
Is 9587 composite?
False
Is 115393 a prime number?
False
Is 7981 a composite number?
True
Is 46459 a composite number?
True
Is 145349 prime?
True
Is 3181 a composite number?
False
Is 2236165 a composite number?
True
Is 4253 a composite number?
False
Is 506729 a prime number?
True
Is 231169 composite?
False
Is 29473 a prime number?
True
Is 201401 a prime number?
True
Is 32603 a composite number?
False
Is 1313311 prime?
True
Is 1009 a composite number?
False
Is 25387 a prime number?
False
Is 758987 a composite number?
False
Is 84947 a composite number?
False
Is 2939 a composite number?
False
Is 55849 composite?
False
Is 3679671 a prime number?
False
Is 82941 a prime number?
False
Is 9967 prime?
True
Is 146713 a prime number?
False
Is 1259 composite?
False
Is 61853 a prime number?
False
Is 6317 a composite number?
False
Is 6247 a composite number?
False
Is 901574 prime?
False
Is 8329 a composite number?
False
Is 3743 a prime number?
False
Is 61057 a prime number?
True
Is 24907 composite?
False
Is 410086 composite?
True
Is 33211 a prime number?
True
Is 787819 prime?
False
Is 4861 prime?
True
Is 1733 composite?
False
Is 80767 a prime number?
False
Is 57758 a prime number?
False
Is 5027 a composite number?
True
Is 1637 a prime number?
True
Is 240553 prime?
False
Is 11099 composite?
True
Is 124111 a composite number?
True
Is 3758695 a composite number?
True
Is 30661 prime?
True
Is 38501 prime?
True
Is 107187 a prime number?
False
Is 1937 a prime number?
False
Is 677309 a prime number?
True
Is 72951 composite?
True
Is 18742 prime?
False
Is 263257 prime?
True
Is 35591 a composite number?
False
Is 211499 prime?
True
Is 638339 a composite number?
True
Is 735263 a prime number?
True
Is 144961 prime?
True
Is 58139 prime?
False
Is 55285 composite?
True
Is 2361373 a prime number?
False
Is 27041 composite?
True
Is 381659 prime?
True
Is 2581 prime?
False
Is 74131 prime?
True
Is 20613 a prime number?
False
Is 115629 a composite number?
True
Is 129853 prime?
True
Is 20639 prime?
True
Is 15959 a prime number?
True
Is 562927 composite?
True
Is 417499 composite?
True
Is 45481 prime?
True
Is 42118 a composite number?
True
Is 1210531 composite?
True
Is 4145 a prime number?
False
Is 4866605 prime?
False
Is 262013 a prime number?
False
Is 720281 a prime number?
True
Is 28559 composite?
False
Is 7187 composite?
False
Is 31469 composite?
False
Is 99431 a prime number?
True
Is 18397 prime?
True
Is 3163 composite?
False
Is 45143 prime?
False
Is 429823 composite?
False
Is 376313 composite?
True
Is 167861 a prime number?
True
Is 705619 prime?
False
Is 436717 composite?
False
Is 134033 composite?
False
Is 1058911 a prime number?
False
Is 6197 composite?
False
Is 3109 a prime number?
True
Is 17269 prime?
False
Is 2999 a composite number?
False
Is 202307 composite?
True
Is 7451 prime?
True
Is 20137 a composite number?
True
Is 177467 a prime number?
True
Is 3343 a composite number?
False
Is 6163 composite?
False
Is 3259 a composite number?
False
Is 126953 a composite number?
True
Is 62383 a composite number?
False
Is 6187 prime?
False
Is 320291 composite?
False
Is 156139 composite?
False
Is 2399 prime?
True
Is 42221 a co